{"id":55,"date":"2018-07-18T15:06:03","date_gmt":"2018-07-18T19:06:03","guid":{"rendered":"https:\/\/staging.access-school.mysites.io\/?page_id=55"},"modified":"2021-10-04T10:10:12","modified_gmt":"2021-10-04T14:10:12","slug":"formations-professionnelles","status":"publish","type":"page","link":"https:\/\/access.rsb.rt5.ca\/fr\/nos-programmes\/formations-professionnelles\/","title":{"rendered":"Formations professionnelles"},"content":{"rendered":"","protected":false},"excerpt":{"rendered":"","protected":false},"author":1,"featured_media":552,"parent":9,"menu_order":0,"comment_status":"closed","ping_status":"closed","template":"template-formationprofessionnelle-programmes.php","meta":[],"yoast_head":"<!-- This site is optimized with the Yoast SEO plugin v18.3 - https:\/\/yoast.com\/wordpress\/plugins\/seo\/ -->\n<title>Formations professionnelles Rive-Sud de Montr\u00e9al - ACCESS<\/title>\n<meta name=\"description\" content=\"D\u00e9couvrez nos programmes de formation professionnelle qui permettent \u00e0 nos \u00e9tudiants d&#039;acqu\u00e9rir les comp\u00e9tences qui faciliteront leur entr\u00e9e imm\u00e9diate sur le march\u00e9 du travail.\" \/>\n<meta name=\"robots\" content=\"index, follow, max-snippet:-1, max-image-preview:large, max-video-preview:-1\" \/>\n<link rel=\"canonical\" href=\"https:\/\/access.rsb.rt5.ca\/fr\/nos-programmes\/formations-professionnelles\/\" \/>\n<meta property=\"og:locale\" content=\"fr_FR\" \/>\n<meta property=\"og:type\" content=\"article\" \/>\n<meta property=\"og:title\" content=\"Formations professionnelles Rive-Sud de Montr\u00e9al - ACCESS\" \/>\n<meta property=\"og:description\" content=\"D\u00e9couvrez nos programmes de formation professionnelle qui permettent \u00e0 nos \u00e9tudiants d&#039;acqu\u00e9rir les comp\u00e9tences qui faciliteront leur entr\u00e9e imm\u00e9diate sur le march\u00e9 du travail.\" \/>\n<meta property=\"og:url\" content=\"https:\/\/access.rsb.rt5.ca\/fr\/nos-programmes\/formations-professionnelles\/\" \/>\n<meta property=\"og:site_name\" content=\"Access\" \/>\n<meta property=\"article:modified_time\" content=\"2021-10-04T14:10:12+00:00\" \/>\n<meta property=\"og:image\" content=\"https:\/\/access.rsb.rt5.ca\/wp-content\/uploads\/2018\/10\/rac-programmes-image.jpg\" \/>\n\t<meta property=\"og:image:width\" content=\"1600\" \/>\n\t<meta property=\"og:image:height\" content=\"1066\" \/>\n\t<meta property=\"og:image:type\" content=\"image\/jpeg\" \/>\n<meta name=\"twitter:card\" content=\"summary_large_image\" \/>\n<script type=\"application\/ld+json\" class=\"yoast-schema-graph\">{\"@context\":\"https:\/\/schema.org\",\"@graph\":[{\"@type\":\"WebSite\",\"@id\":\"https:\/\/access.rsb.rt5.ca\/#website\",\"url\":\"https:\/\/access.rsb.rt5.ca\/\",\"name\":\"Access\",\"description\":\"Brillant comme vous l&#039;\u00eates\",\"potentialAction\":[{\"@type\":\"SearchAction\",\"target\":{\"@type\":\"EntryPoint\",\"urlTemplate\":\"https:\/\/access.rsb.rt5.ca\/?s={search_term_string}\"},\"query-input\":\"required name=search_term_string\"}],\"inLanguage\":\"fr-FR\"},{\"@type\":\"ImageObject\",\"@id\":\"https:\/\/access.rsb.rt5.ca\/fr\/nos-programmes\/formations-professionnelles\/#primaryimage\",\"inLanguage\":\"fr-FR\",\"url\":\"https:\/\/access.rsb.rt5.ca\/wp-content\/uploads\/2018\/10\/rac-programmes-image.jpg\",\"contentUrl\":\"https:\/\/access.rsb.rt5.ca\/wp-content\/uploads\/2018\/10\/rac-programmes-image.jpg\",\"width\":1600,\"height\":1066},{\"@type\":\"WebPage\",\"@id\":\"https:\/\/access.rsb.rt5.ca\/fr\/nos-programmes\/formations-professionnelles\/#webpage\",\"url\":\"https:\/\/access.rsb.rt5.ca\/fr\/nos-programmes\/formations-professionnelles\/\",\"name\":\"Formations professionnelles Rive-Sud de Montr\u00e9al - ACCESS\",\"isPartOf\":{\"@id\":\"https:\/\/access.rsb.rt5.ca\/#website\"},\"primaryImageOfPage\":{\"@id\":\"https:\/\/access.rsb.rt5.ca\/fr\/nos-programmes\/formations-professionnelles\/#primaryimage\"},\"datePublished\":\"2018-07-18T19:06:03+00:00\",\"dateModified\":\"2021-10-04T14:10:12+00:00\",\"description\":\"D\u00e9couvrez nos programmes de formation professionnelle qui permettent \u00e0 nos \u00e9tudiants d'acqu\u00e9rir les comp\u00e9tences qui faciliteront leur entr\u00e9e imm\u00e9diate sur le march\u00e9 du travail.\",\"breadcrumb\":{\"@id\":\"https:\/\/access.rsb.rt5.ca\/fr\/nos-programmes\/formations-professionnelles\/#breadcrumb\"},\"inLanguage\":\"fr-FR\",\"potentialAction\":[{\"@type\":\"ReadAction\",\"target\":[\"https:\/\/access.rsb.rt5.ca\/fr\/nos-programmes\/formations-professionnelles\/\"]}]},{\"@type\":\"BreadcrumbList\",\"@id\":\"https:\/\/access.rsb.rt5.ca\/fr\/nos-programmes\/formations-professionnelles\/#breadcrumb\",\"itemListElement\":[{\"@type\":\"ListItem\",\"position\":1,\"name\":\"Accueil\",\"item\":\"https:\/\/access.rsb.rt5.ca\/fr\/\"},{\"@type\":\"ListItem\",\"position\":2,\"name\":\"Nos programmes\",\"item\":\"https:\/\/access.rsb.rt5.ca\/fr\/nos-programmes\/\"},{\"@type\":\"ListItem\",\"position\":3,\"name\":\"Formations professionnelles\"}]}]}<\/script>\n<!-- \/ Yoast SEO plugin. -->","yoast_head_json":{"title":"Formations professionnelles Rive-Sud de Montr\u00e9al - ACCESS","description":"D\u00e9couvrez nos programmes de formation professionnelle qui permettent \u00e0 nos \u00e9tudiants d'acqu\u00e9rir les comp\u00e9tences qui faciliteront leur entr\u00e9e imm\u00e9diate sur le march\u00e9 du travail.","robots":{"index":"index","follow":"follow","max-snippet":"max-snippet:-1","max-image-preview":"max-image-preview:large","max-video-preview":"max-video-preview:-1"},"canonical":"https:\/\/access.rsb.rt5.ca\/fr\/nos-programmes\/formations-professionnelles\/","og_locale":"fr_FR","og_type":"article","og_title":"Formations professionnelles Rive-Sud de Montr\u00e9al - ACCESS","og_description":"D\u00e9couvrez nos programmes de formation professionnelle qui permettent \u00e0 nos \u00e9tudiants d'acqu\u00e9rir les comp\u00e9tences qui faciliteront leur entr\u00e9e imm\u00e9diate sur le march\u00e9 du travail.","og_url":"https:\/\/access.rsb.rt5.ca\/fr\/nos-programmes\/formations-professionnelles\/","og_site_name":"Access","article_modified_time":"2021-10-04T14:10:12+00:00","og_image":[{"width":1600,"height":1066,"url":"https:\/\/access.rsb.rt5.ca\/wp-content\/uploads\/2018\/10\/rac-programmes-image.jpg","type":"image\/jpeg"}],"twitter_card":"summary_large_image","schema":{"@context":"https:\/\/schema.org","@graph":[{"@type":"WebSite","@id":"https:\/\/access.rsb.rt5.ca\/#website","url":"https:\/\/access.rsb.rt5.ca\/","name":"Access","description":"Brillant comme vous l&#039;\u00eates","potentialAction":[{"@type":"SearchAction","target":{"@type":"EntryPoint","urlTemplate":"https:\/\/access.rsb.rt5.ca\/?s={search_term_string}"},"query-input":"required name=search_term_string"}],"inLanguage":"fr-FR"},{"@type":"ImageObject","@id":"https:\/\/access.rsb.rt5.ca\/fr\/nos-programmes\/formations-professionnelles\/#primaryimage","inLanguage":"fr-FR","url":"https:\/\/access.rsb.rt5.ca\/wp-content\/uploads\/2018\/10\/rac-programmes-image.jpg","contentUrl":"https:\/\/access.rsb.rt5.ca\/wp-content\/uploads\/2018\/10\/rac-programmes-image.jpg","width":1600,"height":1066},{"@type":"WebPage","@id":"https:\/\/access.rsb.rt5.ca\/fr\/nos-programmes\/formations-professionnelles\/#webpage","url":"https:\/\/access.rsb.rt5.ca\/fr\/nos-programmes\/formations-professionnelles\/","name":"Formations professionnelles Rive-Sud de Montr\u00e9al - ACCESS","isPartOf":{"@id":"https:\/\/access.rsb.rt5.ca\/#website"},"primaryImageOfPage":{"@id":"https:\/\/access.rsb.rt5.ca\/fr\/nos-programmes\/formations-professionnelles\/#primaryimage"},"datePublished":"2018-07-18T19:06:03+00:00","dateModified":"2021-10-04T14:10:12+00:00","description":"D\u00e9couvrez nos programmes de formation professionnelle qui permettent \u00e0 nos \u00e9tudiants d'acqu\u00e9rir les comp\u00e9tences qui faciliteront leur entr\u00e9e imm\u00e9diate sur le march\u00e9 du travail.","breadcrumb":{"@id":"https:\/\/access.rsb.rt5.ca\/fr\/nos-programmes\/formations-professionnelles\/#breadcrumb"},"inLanguage":"fr-FR","potentialAction":[{"@type":"ReadAction","target":["https:\/\/access.rsb.rt5.ca\/fr\/nos-programmes\/formations-professionnelles\/"]}]},{"@type":"BreadcrumbList","@id":"https:\/\/access.rsb.rt5.ca\/fr\/nos-programmes\/formations-professionnelles\/#breadcrumb","itemListElement":[{"@type":"ListItem","position":1,"name":"Accueil","item":"https:\/\/access.rsb.rt5.ca\/fr\/"},{"@type":"ListItem","position":2,"name":"Nos programmes","item":"https:\/\/access.rsb.rt5.ca\/fr\/nos-programmes\/"},{"@type":"ListItem","position":3,"name":"Formations professionnelles"}]}]}},"_links":{"self":[{"href":"https:\/\/access.rsb.rt5.ca\/fr\/wp-json\/wp\/v2\/pages\/55"}],"collection":[{"href":"https:\/\/access.rsb.rt5.ca\/fr\/wp-json\/wp\/v2\/pages"}],"about":[{"href":"https:\/\/access.rsb.rt5.ca\/fr\/wp-json\/wp\/v2\/types\/page"}],"author":[{"embeddable":true,"href":"https:\/\/access.rsb.rt5.ca\/fr\/wp-json\/wp\/v2\/users\/1"}],"replies":[{"embeddable":true,"href":"https:\/\/access.rsb.rt5.ca\/fr\/wp-json\/wp\/v2\/comments?post=55"}],"version-history":[{"count":10,"href":"https:\/\/access.rsb.rt5.ca\/fr\/wp-json\/wp\/v2\/pages\/55\/revisions"}],"predecessor-version":[{"id":6096,"href":"https:\/\/access.rsb.rt5.ca\/fr\/wp-json\/wp\/v2\/pages\/55\/revisions\/6096"}],"up":[{"embeddable":true,"href":"https:\/\/access.rsb.rt5.ca\/fr\/wp-json\/wp\/v2\/pages\/9"}],"wp:featuredmedia":[{"embeddable":true,"href":"https:\/\/access.rsb.rt5.ca\/fr\/wp-json\/wp\/v2\/media\/552"}],"wp:attachment":[{"href":"https:\/\/access.rsb.rt5.ca\/fr\/wp-json\/wp\/v2\/media?parent=55"}],"curies":[{"name":"wp","href":"https:\/\/api.w.org\/{rel}","templated":true}]}}

<!-- This site is optimized with the Yoast SEO plugin v18.3 - https://yoast.com/wordpress/plugins/seo/ -->
<title>Formations professionnelles Rive-Sud de Montréal - ACCESS</title>
<meta name="description" content="Découvrez nos programmes de formation professionnelle qui permettent à nos étudiants d&#039;acquérir les compétences qui faciliteront leur entrée immédiate sur le marché du travail." />
<meta name="robots" content="index, follow, max-snippet:-1, max-image-preview:large, max-video-preview:-1" />
<link rel="canonical" href="https://access.rsb.rt5.ca/fr/nos-programmes/formations-professionnelles/" />
<meta property="og:locale" content="fr_FR" />
<meta property="og:type" content="article" />
<meta property="og:title" content="Formations professionnelles Rive-Sud de Montréal - ACCESS" />
<meta property="og:description" content="Découvrez nos programmes de formation professionnelle qui permettent à nos étudiants d&#039;acquérir les compétences qui faciliteront leur entrée immédiate sur le marché du travail." />
<meta property="og:url" content="https://access.rsb.rt5.ca/fr/nos-programmes/formations-professionnelles/" />
<meta property="og:site_name" content="Access" />
<meta property="article:modified_time" content="2021-10-04T14:10:12+00:00" />
<meta property="og:image" content="https://access.rsb.rt5.ca/wp-content/uploads/2018/10/rac-programmes-image.jpg" />
	<meta property="og:image:width" content="1600" />
	<meta property="og:image:height" content="1066" />
	<meta property="og:image:type" content="image/jpeg" />
<meta name="twitter:card" content="summary_large_image" />
<script type="application/ld+json" class="yoast-schema-graph">{"@context":"https://schema.org","@graph":[{"@type":"WebSite","@id":"https://access.rsb.rt5.ca/#website","url":"https://access.rsb.rt5.ca/","name":"Access","description":"Brillant comme vous l&#039;êtes","potentialAction":[{"@type":"SearchAction","target":{"@type":"EntryPoint","urlTemplate":"https://access.rsb.rt5.ca/?s={search_term_string}"},"query-input":"required name=search_term_string"}],"inLanguage":"fr-FR"},{"@type":"ImageObject","@id":"https://access.rsb.rt5.ca/fr/nos-programmes/formations-professionnelles/#primaryimage","inLanguage":"fr-FR","url":"https://access.rsb.rt5.ca/wp-content/uploads/2018/10/rac-programmes-image.jpg","contentUrl":"https://access.rsb.rt5.ca/wp-content/uploads/2018/10/rac-programmes-image.jpg","width":1600,"height":1066},{"@type":"WebPage","@id":"https://access.rsb.rt5.ca/fr/nos-programmes/formations-professionnelles/#webpage","url":"https://access.rsb.rt5.ca/fr/nos-programmes/formations-professionnelles/","name":"Formations professionnelles Rive-Sud de Montréal - ACCESS","isPartOf":{"@id":"https://access.rsb.rt5.ca/#website"},"primaryImageOfPage":{"@id":"https://access.rsb.rt5.ca/fr/nos-programmes/formations-professionnelles/#primaryimage"},"datePublished":"2018-07-18T19:06:03+00:00","dateModified":"2021-10-04T14:10:12+00:00","description":"Découvrez nos programmes de formation professionnelle qui permettent à nos étudiants d'acquérir les compétences qui faciliteront leur entrée immédiate sur le marché du travail.","breadcrumb":{"@id":"https://access.rsb.rt5.ca/fr/nos-programmes/formations-professionnelles/#breadcrumb"},"inLanguage":"fr-FR","potentialAction":[{"@type":"ReadAction","target":["https://access.rsb.rt5.ca/fr/nos-programmes/formations-professionnelles/"]}]},{"@type":"BreadcrumbList","@id":"https://access.rsb.rt5.ca/fr/nos-programmes/formations-professionnelles/#breadcrumb","itemListElement":[{"@type":"ListItem","position":1,"name":"Accueil","item":"https://access.rsb.rt5.ca/fr/"},{"@type":"ListItem","position":2,"name":"Nos programmes","item":"https://access.rsb.rt5.ca/fr/nos-programmes/"},{"@type":"ListItem","position":3,"name":"Formations professionnelles"}]}]}</script>
<!-- / Yoast SEO plugin. -->

Formations professionnelles Rive-Sud de Montréal - ACCESS

Découvrez nos programmes de formation professionnelle qui permettent à nos étudiants d'acquérir les compétences qui faciliteront leur entrée immédiate sur le marché du travail.

Brillant comme vous l&#039;êtes
